{"version":"1.0","provider_name":"Opci&oacute;n S","provider_url":"https:\/\/opcions.ec\/portal","author_name":"Admin BC","author_url":"https:\/\/opcions.ec\/portal\/author\/admin-bc\/","title":"El cambio de \u00e9poca en Chile - Opci&oacute;n S","type":"rich","width":600,"height":338,"html":"<blockquote class=\"wp-embedded-content\" data-secret=\"9vjJSSVNte\"><a href=\"https:\/\/opcions.ec\/portal\/2021\/12\/30\/el-cambio-de-epoca-en-chile\/\">El cambio de \u00e9poca en Chile<\/a><\/blockquote><iframe sandbox=\"allow-scripts\" security=\"restricted\" src=\"https:\/\/opcions.ec\/portal\/2021\/12\/30\/el-cambio-de-epoca-en-chile\/embed\/#?secret=9vjJSSVNte\" width=\"600\" height=\"338\" title=\"\u00abEl cambio de \u00e9poca en Chile\u00bb \u2014 Opci&oacute;n S\" data-secret=\"9vjJSSVNte\" frameborder=\"0\" marginwidth=\"0\" marginheight=\"0\" scrolling=\"no\" class=\"wp-embedded-content\"><\/iframe><script type=\"text\/javascript\">\n\/*! This file is auto-generated *\/\n!function(c,d){\"use strict\";var e=!1,o=!1;if(d.querySelector)if(c.addEventListener)e=!0;if(c.wp=c.wp||{},c.wp.receiveEmbedMessage);else if(c.wp.receiveEmbedMessage=function(e){var t=e.data;if(!t);else if(!(t.secret||t.message||t.value));else if(\/[^a-zA-Z0-9]\/.test(t.secret));else{for(var r,s,a,i=d.querySelectorAll('iframe[data-secret=\"'+t.secret+'\"]'),n=d.querySelectorAll('blockquote[data-secret=\"'+t.secret+'\"]'),o=new RegExp(\"^https?:$\",\"i\"),l=0;l<n.length;l++)n[l].style.display=\"none\";for(l=0;l<i.length;l++)if(r=i[l],e.source!==r.contentWindow);else{if(r.removeAttribute(\"style\"),\"height\"===t.message){if(1e3<(s=parseInt(t.value,10)))s=1e3;else if(~~s<200)s=200;r.height=s}if(\"link\"===t.message)if(s=d.createElement(\"a\"),a=d.createElement(\"a\"),s.href=r.getAttribute(\"src\"),a.href=t.value,!o.test(a.protocol));else if(a.host===s.host)if(d.activeElement===r)c.top.location.href=t.value}}},e)c.addEventListener(\"message\",c.wp.receiveEmbedMessage,!1),d.addEventListener(\"DOMContentLoaded\",t,!1),c.addEventListener(\"load\",t,!1);function t(){if(o);else{o=!0;for(var e,t,r,s=-1!==navigator.appVersion.indexOf(\"MSIE 10\"),a=!!navigator.userAgent.match(\/Trident.*rv:11\\.\/),i=d.querySelectorAll(\"iframe.wp-embedded-content\"),n=0;n<i.length;n++){if(!(r=(t=i[n]).getAttribute(\"data-secret\")))r=Math.random().toString(36).substr(2,10),t.src+=\"#?secret=\"+r,t.setAttribute(\"data-secret\",r);if(s||a)(e=t.cloneNode(!0)).removeAttribute(\"security\"),t.parentNode.replaceChild(e,t);t.contentWindow.postMessage({message:\"ready\",secret:r},\"*\")}}}}(window,document);\n<\/script>\n","thumbnail_url":"https:\/\/opcions.ec\/portal\/wp-content\/uploads\/2021\/12\/akgan1.jpg","thumbnail_width":1772,"thumbnail_height":996,"description":"Andr\u00e9s Kogan Valderrama\u00a0 El hist\u00f3rico triunfo de Gabriel Boric en la segunda vuelta presidencial en Chile, el pasado domingo 19 de diciembre, no solo es in\u00e9dito porque despu\u00e9s de 30 a\u00f1os se rompe el duopolio pol\u00edtico que gobern\u00f3 el pa\u00eds por tres d\u00e9cadas, sino tambi\u00e9n porque consolida un proceso constituyente"}

El cambio de época en Chile - Opci&oacute;n S

<blockquote class="wp-embedded-content" data-secret="9vjJSSVNte"><a href="https://opcions.ec/portal/2021/12/30/el-cambio-de-epoca-en-chile/">El cambio de época en Chile</a></blockquote><iframe sandbox="allow-scripts" security="restricted" src="https://opcions.ec/portal/2021/12/30/el-cambio-de-epoca-en-chile/embed/#?secret=9vjJSSVNte" width="600" height="338" title="«El cambio de época en Chile» — Opci&oacute;n S" data-secret="9vjJSSVNte" frameborder="0" marginwidth="0" marginheight="0" scrolling="no" class="wp-embedded-content"></iframe><script type="text/javascript">
/*! This file is auto-generated */
!function(c,d){"use strict";var e=!1,o=!1;if(d.querySelector)if(c.addEventListener)e=!0;if(c.wp=c.wp||{},c.wp.receiveEmbedMessage);else if(c.wp.receiveEmbedMessage=function(e){var t=e.data;if(!t);else if(!(t.secret||t.message||t.value));else if(/[^a-zA-Z0-9]/.test(t.secret));else{for(var r,s,a,i=d.querySelectorAll('iframe[data-secret="'+t.secret+'"]'),n=d.querySelectorAll('blockquote[data-secret="'+t.secret+'"]'),o=new RegExp("^https?:$","i"),l=0;l<n.length;l++)n[l].style.display="none";for(l=0;l<i.length;l++)if(r=i[l],e.source!==r.contentWindow);else{if(r.removeAttribute("style"),"height"===t.message){if(1e3<(s=parseInt(t.value,10)))s=1e3;else if(~~s<200)s=200;r.height=s}if("link"===t.message)if(s=d.createElement("a"),a=d.createElement("a"),s.href=r.getAttribute("src"),a.href=t.value,!o.test(a.protocol));else if(a.host===s.host)if(d.activeElement===r)c.top.location.href=t.value}}},e)c.addEventListener("message",c.wp.receiveEmbedMessage,!1),d.addEventListener("DOMContentLoaded",t,!1),c.addEventListener("load",t,!1);function t(){if(o);else{o=!0;for(var e,t,r,s=-1!==navigator.appVersion.indexOf("MSIE 10"),a=!!navigator.userAgent.match(/Trident.*rv:11\./),i=d.querySelectorAll("iframe.wp-embedded-content"),n=0;n<i.length;n++){if(!(r=(t=i[n]).getAttribute("data-secret")))r=Math.random().toString(36).substr(2,10),t.src+="#?secret="+r,t.setAttribute("data-secret",r);if(s||a)(e=t.cloneNode(!0)).removeAttribute("security"),t.parentNode.replaceChild(e,t);t.contentWindow.postMessage({message:"ready",secret:r},"*")}}}}(window,document);
</script>

Andrés Kogan Valderrama  El histórico triunfo de Gabriel Boric en la segunda vuelta presidencial en Chile, el pasado domingo 19 de diciembre, no solo es inédito porque después de 30 años se rompe el duopolio político que gobernó el país por tres décadas, sino también porque consolida un proceso constituyente
